 170*f + 177. Let j(q) = 8*d(q) - 5*o(q). Calculate j(-17).
1
Let u(t) = -35*t**3 + 40*t**2 - 18*t + 37. Let a(b) = 13*b**3 - 15*b**2 + 6*b - 13. Let o(i) = 8*a(i) + 3*u(i). What is o(-4)?
95
Let c be (8/12)/((-2)/(-3)). Let x = -179 + 185. Let r(p) = 15*p - x*p - 16*p. Give r(c).
-7
Let i(b) be the first derivative of 7*b - 18*b - 179 - 13 + 4*b - 3*b**2 + 6*b. Calculate i(1).
-7
Let m(t) = t**3 + 251*t**2 - 34*t - 8527. Let a be m(-251). Let v(j) = -10*j - 16. Let n(x) = -7*x - 11. Let s(w) = -7*n(w) + 5*v(w). What is s(a)?
-10
Let s(w) = 3*w - 72. Suppose 49*b = 81*b - 704. What is s(b)?
-6
Let r(x) = 21*x - 1. Let u be 8676/270 + 2/(-15) + 0. Suppose -70 = u*p - 6. Calculate r(p).
-43
Let h(n) = n**2 + 5*n - 2. Let f(w) = 3*w + 50. Let z be f(-8). Suppose -4*i - 6 = -z. Suppose 0*u - 5*a + 21 = -u, 33 = -i*u + a. Determine h(u).
4
Let j(d) = -d + 1. Let g(p) = -3*p + 3. Let l = -137 - -132. Let r(y) = l*j(y) + 2*g(y). Calculate r(-7).
8
Let z(a) = -5*a - 4. Let n = -235 + 233. Let u be n/6 + (-66)/18. Calculate z(u).
16
Let z(n) = -23*n - 1364 + 11*n + 1412 + 9*n. Give z(13).
9
Let t(w) be the second derivative of -w**3/3 - 5*w**2 - w. Let i be (63/(-6) + 11)*-14. Calculate t(i).
4
Let k = -4198 - -4189. Let q(n) = 13*n + 127. Give q(k).
10
Let x(j) be the third derivative of j**6/120 + j**5/12 + 5*j**4/24 + 5*j**3/6 - 538*j**2. What is x(-3)?
8
Let b(q) be the second derivative of q**5/20 - 2*q**4/3 - 7*q**3/2 - 3*q**2/2 - 1607*q. Determine b(10).
-13
Let h be (4/6)/(-1 - (-7)/9). Let i be 6/h + (-7 - -15). Let v = i - 6. Let z(s) = -s**3 + s - 24. Determine z(v).
-24
Let a(f) = f**3 + 8*f**2 - 9*f - 4. Let r(j) = -2*j**3 - 12*j**2 + 13*j - 16. Let h be r(-7). Give a(h).
-4
Let h = 30871 + -30877. Let d(t) be the second derivative of -5/12*t**4 + 0 + 4/3*t**3 - 1/2*t**2 - 1/20*t**5 + t. Give d(h).
-13
Let x(d) = d**3 - 6*d**2 + 6*d + 4. Let l be 520/(-6) - 14/(-21). Let f = -81 - l. Calculate x(f).
9
Let y(o) be the second derivative of o**3 + 5*o**2 - 2*o + 49. What is y(6)?
46
Suppose -4*w + 32 = 2*m, 0 = 5*w + 105*m - 103*m - 40. Let x(t) = -2*t**2 + 11*t - 11. Calculate x(w).
-51
Let b(r) = r**3 - 8*r**2 + 10*r - 10. Suppose 26*s + 5*c = 21*s + 40, -2*s + 12 = -2*c. What is b(s)?
11
Let j(m) = -m**2 + 20*m - 49. Let k = 1643 + -1626. Determine j(k).
2
Suppose h - 2*f = -9, 4*h - 3*f = -3 - 8. Let t(a) = a. Let l(k) = 21*k + 1. Let g(w) = w. Let o(n) = -3*g(n) + l(n). Let b(q) = -o(q) + 5*t(q). What is b(h)?
-14
Let v(w) = w**2 + w - 6. Let k be 7 + -4 - (-5)/(5/(-3)). What is v(k)?
-6
Suppose -5*m + 3*m + 30 = 5*i, -i + 4*m = -6. Suppose -i*n = -4*n - 12. Let w(u) = u + 4*u + 0*u - 6*u + n. Calculate w(4).
2
Let f be 95/30 + (-11 + -4 - -12). Let u(p) be the second derivative of -7/20*p**5 - 1/2*p**2 + 1/12*p**4 + 0 + 29*p - f*p**3. What is u(-1)?
8
Let w(h) = h - 5. Let q = -685 - -689. Suppose -3*n - 4 = -4*v, 9 - 37 = -3*n - q*v. What is w(n)?
-1
Let a(y) = y**2 + 4*y - 4. Suppose -3*k + 12 - 6 = 0. Suppose 0 = -p + 2*b + b - 15, -k*p = -b + 10. Give a(p).
-7
Let w(y) = -12*y + 11. Suppose -170*n = 40*n + 185*n - 395. What is w(n)?
-1
Let y(x) be the third derivative of -x**4/6 - 2*x**3/3 - x**2. Suppose 154 = 3*s + 2*t, 5*s + 4*t - 87 = 173. Let q be -3*((-32)/s)/(2/(-4)). Give y(q).
12
Let f be (90/(-12))/(1/2). Let w = f + 14. Let s be 72/4*w/(-2). Let p(c) = -c**2 + 11*c - 9. Give p(s).
9
Let i(p) = -3*p**3 + 2*p**3 + 0*p**3 + 4 - 2*p**2. Let j(n) = 325*n + 39647. Let y be j(-122). Determine i(y).
13
Let w(l) = l**3 + 10*l**2 + 16*l + 58. Let p = -7910 - -7901. Calculate w(p).
-5
Suppose -7*v - 975 = -3719. Let m be (-56)/v + (-68)/14. Let g(l) = l**2 + 7*l + 5. Give g(m).
-5
Let d(h) be the second derivative of -h**3/2 - h**2 + h. Suppose -394 = 58*w - 316*w + 122. Calculate d(w).
-8
Let r(c) = 2*c**3 + 4 + c**2 + 0*c**2 + 706*c - 703*c. Give r(-1).
0
Let t(o) = -7 + 2*o - 2 - 4*o**3 + 8 + o**3 + 3*o**2. Suppose 40*m + 8 = 36*m. Determine t(m).
31
Let d be ((-36)/(-30))/(1/5). Let x be 374/102 - 4/d. Let b(t) = 4 - 6*t + 2*t + 2*t. Calculate b(x).
-2
Let p(v) = 3*v + 4. Let j be (-4)/(-8)*(-48)/(-3). Let k(t) = 13*t**2 - t - 2. Let i be k(-1). Suppose -5*s = -j*s + i. Determine p(s).
16
Let g(v) be the second derivative of -1/20*v**5 + 15/2*v**2 - 5*v + 8/3*v**3 - 7 - 13/12*v**4. Determine g(-14).
-13
Let b(o) = -o**3 - 11*o**2 - 21*o - 233. Let d be b(-11). Let p(k) = 5*k**3 - 5*k - 7. Calculate p(d).
-37
Let y(t) be the third derivative of -t**5/60 - 11*t**4/24 - 3*t**3/2 + 9688*t**2. Determine y(-10).
1
Let p be (-27 - 0)/((-21)/(-98)). Let a be p/36 + (-15)/(-6). Let o(m) = -8*m. Give o(a).
8
Let i(w) = -2 + 7*w + w**2 + 0*w + 3. Let m(h) = -29*h**2 + h + 4. Let q be m(2). Let j = q - -107. Determine i(j).
-11
Let q(b) = 13*b**3 + 9*b**2 + 3*b - 37. Let x(c) = -7*c**3 - 4*c**2 - c + 19. Let t(r) = -6*q(r) - 11*x(r). Suppose 14*l - 10*l - 10*l - 54 = 0. Calculate t(l).
-5
Let l(o) = -2*o - 12. Suppose -6*x - 220 = 224. Let r = x - -65. Calculate l(r).
6
Let v(m) = 9*m - 1. Let p(x) = -16*x - 29. Let w be p(-2). Suppose 0 = -5*s - 6*s - w*s. Let c be v(s). Let a(k) = -8*k**2 + 1. Give a(c).
-7
Let o(y) = -y**3 - 22*y**2 - 57*y - 7. Let p(k) = -2*k**2 - 232*k + 1191. Let r be p(5). Calculate o(r).
-7
Let c(m) be the first derivative of 0*m**2 - 990*m + 965*m + 125 + 113 - m**2. Calculate c(-14).
3
Let t(u) = -u**2 - 3*u + 8. Let l be t(-6). Let v(m) = -7*m + 19 - 2*m + 10*m. Let f(x) = x + 18. Let p(w) = -4*f(w) + 3*v(w). Give p(l).
-5
Let y(a) = -a**3 + 6*a**2 - 8*a - 13. Let o be (2/5 - 1098/(-305)) + 3. Calculate y(o).
-118
Let j = 103 - 102. Let a(d) = j + 4*d + 2 + 3 - d. What is a(-4)?
-6
Let k(j) = 2*j**2 - 4*j + 78. Let h(u) = 2*u**2 - 4*u + 79. Let q(m) = 2*h(m) - 3*k(m). Let y(r) be the first derivative of q(r). Let w = 2 - -1. What is y(w)?
-8
Let l be 1/3 - 5/(30/(-28)). Let j(t) = -l + 0*t**3 - 2*t**2 - t**3 + 3*t + 6 - t. Calculate j(-2).
-3
Let i(l) be the first derivative of l**4/4 + 2*l**3/3 - 2*l**2 - 7*l - 1068. Calculate i(-5).
-62
Let o(f) be the third derivative of -1/12*f**5 + 0*f + 103*f**2 + 1/24*f**4 + 1/120*f**6 + 5/6*f**3 + 0. Calculate o(5).
10
Let q(b) = 425*b + 16 + 433*b - 865*b. Give q(4).
-12
Suppose 7*x + 0 = 84. Suppose x*j - 30 = 17*j. Let y(n) = 8*n + 7. Give y(j).
-41
Let m = 5535 - 5532. Let l(z) be the first derivative of -z + 9 + 1/3*z**m - 3/2*z**2. Calculate l(5).
9
Let g be (-132)/20 - 2/5. Let s be -3*(4 - 3)*-1. Let h(z) = 8*z**2 + 18*z**3 + 5*z**3 - 22*z**s + 8*z + 3. Determine h(g).
-4
Let b = -14 + 19. Suppose 8 - 33 = b*v. Let x(o) be the first derivative of o**3/3 + 4*o**2 + 5*o + 21. Determine x(v).
-10
Let c(d) = 424*d**2 + 420*d**2 + 0 - 845*d**2 + 6 - 6*d. Let i be (4/4)/((-2)/(-6)). Suppose -k = 3*j - i, 0*j - 4*j + 30 = -3*k. Determine c(k).
6
Let r(t) = 75*t - 13. Let y(m) = 169*m - 28. Let s(q) = -9*r(q) + 4*y(q). Determine s(-2).
3
Let h be 63/15 - (-2)/(-10). Let r(b) = -10*b**2 - 4*b - 3. Let s(g) = -11*g**2. Let j(i) = r(i) - s(i). What is j(h)?
-3
Let j(x) = x - 5*x**2 - 46 + 46 - 2*x**2. Suppose -4*y + 12 = 0, -3*y + 0*y = 4*o - 13. Determine j(o).
-6
Suppose 0 = 32*a - 39*a + 35. Suppose -15 - 4 = -n + 2*q, -5*n + 71 = 2*q. Suppose a*g + 0 = n. Let p(y) = -2*y - 2. What is p(g)?
-8
Let y(f) be the first derivative of 2*f**2 + 111*f + 6927. What is y(-27)?
3
Let a = -480272 + 480278. Let f(k) = -4*k + 60. Let m(n) = 3*n - 40. Let t(d) = 5*f(d) + 8*m(d). Determine t(a).
4
Let a = -72 - -86. Let j be 3 + (-132)/42 + 2/a. Let g(o) = 2*o. What is g(j)?
0
Let q(x) = 18*x + 21. Let p(y) = -14*y - 17. Let i(l) = 4*p(l) + 3*q(l). Determine i(11).
-27
Let w(y) be the second derivative of 1/6*y**4 + 2*y**2 + 162*y + 0 + 5/6*y**3. Give w(-4).
16
Let o(f) = -544 - 12*f + 203 + 5 + 0*f + 155. Give o(-15).
-1
Let a(s) = -s**3 - 2*s**2 - 1. Let m(w) = -115*w**2 + 245*w**2 + 9 - 124*w**2 + 6*w**3. Let k(t) = 5*a(t) + m(t). What is k(3)?
-5
Let c = 18 - -2. Let f(z) = -z**2 + 21*z - 22. Let m be f(c). Let n be m/(-4)*-3*2 - 1. Let j(g) = g**2 + 6*g + 3. Determine j(n).
-5
Let p(n) = 71*n**3 + 13*n**2 + 10*n + 7. Let h(x) = -203*x**3 - 36*x**2 - 30*x - 21. Let g(a) = -7*h(a) - 20*p(a). Calculate g(5).
-18
Let t = -20 + 34. Suppose 6*m - t = 4*m. Let v(q) = q**3 - 4 + m + 4*